{"id":247,"date":"2019-11-05T21:15:45","date_gmt":"2019-11-05T21:15:45","guid":{"rendered":"https:\/\/bslthemes.site\/oliver\/?page_id=247"},"modified":"2022-06-23T12:14:16","modified_gmt":"2022-06-23T12:14:16","slug":"iletisim","status":"publish","type":"page","link":"https:\/\/starterteknoloji.com\/index.php\/iletisim\/","title":{"rendered":"\u0130leti\u015fim"},"content":{"rendered":"\n<h5>OF\u0130S<\/h5>\n\n\n\n<p>Ata Bloklar\u0131 3\/4 Ataturk Mh.<\/p>\n\n\n\n<p>Sedef Cd. No:19 Daire:256<\/p>\n\n\n\n<h5>\u0130LET\u0130\u015e\u0130M<\/h5>\n\n\n\n<p>E.: bilgi@starterteknoloji.com<br>T.: 0(216) 771 27 82<\/p>\n","protected":false},"excerpt":{"rendered":"<p>OF\u0130S Ata Bloklar\u0131 3\/4 Ataturk Mh. Sedef Cd. No:19 Daire:256 \u0130LET\u0130\u015e\u0130M E.: bilgi@starterteknoloji.comT.: 0(216) 771 27 82<\/p>\n","protected":false},"author":1,"featured_media":0,"parent":0,"menu_order":0,"comment_status":"closed","ping_status":"closed","template":"","meta":{"_mi_skip_tracking":false},"acf":[],"_links":{"self":[{"href":"https:\/\/starterteknoloji.com\/index.php\/wp-json\/wp\/v2\/pages\/247"}],"collection":[{"href":"https:\/\/starterteknoloji.com\/index.php\/wp-json\/wp\/v2\/pages"}],"about":[{"href":"https:\/\/starterteknoloji.com\/index.php\/wp-json\/wp\/v2\/types\/page"}],"author":[{"embeddable":true,"href":"https:\/\/starterteknoloji.com\/index.php\/wp-json\/wp\/v2\/users\/1"}],"replies":[{"embeddable":true,"href":"https:\/\/starterteknoloji.com\/index.php\/wp-json\/wp\/v2\/comments?post=247"}],"version-history":[{"count":6,"href":"https:\/\/starterteknoloji.com\/index.php\/wp-json\/wp\/v2\/pages\/247\/revisions"}],"predecessor-version":[{"id":661,"href":"https:\/\/starterteknoloji.com\/index.php\/wp-json\/wp\/v2\/pages\/247\/revisions\/661"}],"wp:attachment":[{"href":"https:\/\/starterteknoloji.com\/index.php\/wp-json\/wp\/v2\/media?parent=247"}],"curies":[{"name":"wp","href":"https:\/\/api.w.org\/{rel}","templated":true}]}}